7
What is the thousands digit of 2141536?
1
What is the thousands digit of 256138?
6
What is the units digit of 1145450?
0
What is the units digit of 206765?
5
What is the units digit of 325804?
4
What is the ten thousands digit of 374003?
7
What is the hundred thousands digit of 790629?
7
What is the ten thousands digit of 41311?
4
What is the units digit of 187111?
1
What is the millions digit of 1704263?
1
What is the thousands digit of 6291150?
1
What is the thousands digit of 217647?
7
What is the tens digit of 11429?
2
What is the thousands digit of 335971?
5
What is the hundreds digit of 545559?
5
What is the ten millions digit of 11232921?
1
What is the hundred thousands digit of 123050?
1
What is the thousands digit of 14019277?
9
What is the hundreds digit of 24131863?
8
What is the hundreds digit of 10112309?
3
What is the hundreds digit of 276041?
0
What is the tens digit of 11555?
5
What is the tens digit of 3315285?
8
What is the ten thousands digit of 138761?
3
What is the thousands digit of 6032583?
2
What is the hundred thousands digit of 407104?
4
What is the tens digit of 362717?
1
What is the tens digit of 3041935?
3
What is the hundreds digit of 19267419?
4
What is the hundreds digit of 2943179?
1
What is the units digit of 104233?
3
What is the ten thousands digit of 90138?
9
What is the units digit of 24922983?
3
What is the tens digit of 430614?
1
What is the millions digit of 13072167?
3
What is the units digit of 31730?
0
What is the ten thousands digit of 1653634?
5
What is the ten thousands digit of 430151?
3
What is the hundred thousands digit of 1794254?
7
What is the millions digit of 7530127?
7
What is the hundreds digit of 1396364?
3
What is the hundred thousands digit of 2465892?
4
What is the hundreds digit of 113874?
8
What is the units digit of 647851?
1
What is the tens digit of 95112?
1
What is the tens digit of 6188?
8
What is the hundreds digit of 105968?
9
What is the tens digit of 5338100?
0
What is the hundred thousands digit of 1167297?
1
What is the hundreds digit of 10270691?
6
What is the thousands digit of 620239?
0
What is the thousands digit of 164366?
4
What is the millions digit of 2393697?
2
What is the hundreds digit of 1200175?
1
What is the hundreds digit of 402040?
0
What is the thousands digit of 1570706?
0
What is the ten thousands digit of 1974936?
7
What is the units digit of 1065212?
2
What is the units digit of 7465396?
6
What is the hundreds digit of 154981?
9
What is the hundred thousands digit of 13067371?
0
What is the units digit of 307777?
7
What is the hundreds digit of 954551?
5
What is the hundred thousands digit of 329335?
3
What is the thousands digit of 379307?
9
What is the thousands digit of 950240?
0
What is the tens digit of 3676747?
4
What is the hundreds digit of 4436778?
7
What is the hundred thousands digit of 8527253?
5
What is the tens digit of 3982711?
1
What is the tens digit of 1016390?
9
What is the hundred thousands digit of 519224?
5
What is the ten thousands digit of 650082?
5
What is the hundreds digit of 2259828?
8
What is the hundred thousands digit of 121407?
1
What is the hundreds digit of 4214858?
8
What is the millions digit of 13258657?
3
What is the units digit of 418949?
9
What is the units digit of 2835766?
6
What is the thousands digit of 869932?
9
What is the ten thousands digit of 9575118?
7
What is the ten thousands digit of 95456?
9
What is the tens digit of 612641?
4
What is the tens digit of 1777643?
4
What is the units digit of 385287?
7
What is the tens digit of 936934?
3
What is the tens digit of 362694?
9
What is the hundreds digit of 5257275?
2
What is the hundreds digit of 117921?
9
What is the ten thousands digit of 684644?
8
What is the ten thousands digit of 12412932?
1
What is the millions digit of 2733080?
2
What is the hundreds digit of 41598942?
9
What is the hundred thousands digit of 632823?
6
What is the hundred thousands digit of 642531?
6
What is the hundred thousands digit of 293410?
2
What is the thousands digit of 186258?
6
What is the tens digit of 474365?
6
What is the tens digit of 579455?
5
What is the ten thousands digit of 363272?
6
What is the thousands digit of 6215471?
5
What is the thousands digit of 10629?
0
What is the hundred thousands digit of 4476583?
4
What is the hundreds digit of 3754705?
7
What is the thousands digit of 2745588?
5
What is the ten thousands digit of 1301541?
0
What is the thousands digit of 1157671?
7
What is the hundred thousands digit of 28968600?
9
What is the hundred thousands digit of 331606?
3
What is the tens digit of 2266344?
4
What is the tens digit of 33557?
5
What is the hundred thousands digit of 5381700?
3
What is the hundreds digit of 324782?
7
What is the tens digit of 11424302?
0
What is the millions digit of 5220946?
5
What is the hundred thousands digit of 3403785?
4
What is the millions digit of 2435688?
2
What is the hundreds digit of 3308794?
7
What is the units digit of 157202?
2
What is the hundreds digit of 514781?
7
What is the hundreds digit of 159867?
8
What is the hundreds digit of 186067?
0
What is the ten thousands digit of 4488104?
8
What is the ten thousands digit of 151410?
5
What is the ten thousands digit of 1490363?
9
What is the units digit of 301496?
6
What is the tens digit of 83583?
8
What is the units digit of 1670677?
7
What is the hundred thousands digit of 6151526?
1
What is the units digit of 202379?
9
What is the ten thousands digit of 1722129?
2
What is the tens digit of 941693?
9
What is the thousands digit of 36066073?
6
What is the ten thousands digit of 1307834?
0
What is the ten thousands digit of 647019?
4
What is the hundred thousands digit of 2067746?
0
What is the thousands digit of 424082?
4
What is the thousands digit of 5326704?
6
What is the thousands digit of 97204?
7
What is the tens digit of 109891?
9
What is the ten thousands digit of 14234111?
3
What is the ten thousands digit of 8933134?
3
What is the tens digit of 4212177?
7
What is the tens digit of 326712?
1
What is the units digit of 4862902?
2
What is the units digit of 198746?
6
What is the units digit of 2173573?
3
What is the ten thousands digit of 778069?
7
What is the ten thousands digit of 828577?
2
What is the thousands digit of 71538?
1
What is the ten thousands digit of 5084969?
8
What is the thousands digit of 44073?
4
What is the hundreds digit of 353297?
2
What is the tens digit of 13762?
6
What is the units digit of 206697?
7
What is the units digit of 28646641?
1
What is the units digit of 5843397?
7
What is the units digit of 745230?
0
What is the units digit of 2563376?
6
What is the hundred thousands digit of 2606715?
6
What is the ten thousands digit of 3150656?
5
What is the hundred thousands digit of 1363522?
3
What is the ten thousands digit of 101808?
0
What is the hundreds digit of 13873462?
4
What is the hundreds digit of 2906533?
5
What is the units digit of 788255?
5
What is the units digit of 25421972?
2
What is the millions digit of 11811188?
1
What is the units digit of 61128?
8
What is the millions digit of 11174181?
1
What is the units digit of 23209731?
1
What is the ten thousands digit of 2605437?
0
What is the units digit of 193788?
8
What is the millions digit of 5990438?
5
What is the hundred thousands digit of 760185?
7
What is the hundreds digit of 443637?
6
What is the hundreds digit of 980301?
3
What is the hundred thousands digit of 142858?
1
What is the hundred thousands digit of 1232451?
2
What is the millions digit of 24653114?
4
What is the ten thousands digit of 18959?
1
What is the tens digit of 651431?
3
What is the hundreds digit of 2230924?
9
What is the millions digit of 13814807?
3
What is the tens digit of 10164691?
9
What is the units digit of 550863?
3
What is the hundreds digit of 3873562?
5
What is the units digit of 2516680?
0
What is the hundreds digit of 187666?
6
What is the hundred thousands digit of 4854721?
8
What is the hundred thousands digit of 1161332?
1
What is the tens digit of 9902085?
8
What is the hundreds digit of 13109426?
4
What is the units digit of 1818160?
0
What is the units digit of 23385993?
3
What is the hundreds digit of 1176651?
6
What is the ten thousands digit of 363260